0). Let m = u - -6917. Let n = 5305 - m. Is n composite?
True
Suppose h = -4*z - 88063, 8428 - 52459 = 2*z + h. Let k = z - -54199. Is k a prime number?
True
Let s(h) = -3 - 9*h**2 - h**3 - 7*h + 5 + 0 - 4. Let l be s(-8). Is (-2)/(-4) + (-9585)/l a prime number?
False
Let y(h) = 10146*h + 1091. Is y(30) a prime number?
True
Let m(j) = -14*j**2 - 12*j - 47. Let r be m(-10). Let a = r - -2726. Is a composite?
False
Let w(q) = 2*q**3 - q**2 + q + 1. Let u(y) = -7*y**3 - 5*y**2 - 36*y - 82. Let l(i) = u(i) + 3*w(i). Is l(-13) composite?
True
Suppose 4*u + u = -5*m + 25, 3*u = -2*m + 11. Suppose 2*f - 3630 = -k - k, m*k + f = 7266. Is k a prime number?
False
Suppose -567 - 262 = -m. Suppose -j + 2*o + 403 = 0, -5*j = o - 1219 - m. Is j a composite number?
False
Suppose 21554 + 42292 = 9*f. Is -16 + 13 - (0 - f) a prime number?
False
Suppose -2*l - 740860 = -2*k, 5*k - 144*l = -140*l + 1852153. Is k a prime number?
False
Let u(q) = -35*q**2 + 9*q + 111. Let o be u(-18). Let r = 21290 + o. Is r composite?
True
Let o be (-36 - -30 - (471/6 + 0))*-30. Let j = -3136 - -2184. Let t = o + j. Is t a prime number?
True
Suppose -121 + 337 = -8*p. Let y = 37 + p. Is 1/2 + 6485/y prime?
False
Let c(a) = -2*a**2 + 21*a - 11. Let n be c(9). Suppose -18*r = -n*r - 942. Let b = -260 + r. Is b prime?
True
Suppose 3*b - 216 = 4*u - 36, -4*u - b = 196. Let x be 4214/(-4) - u/32. Is (0/1 - (-8)/(-32))*x a prime number?
True
Suppose -6*v + 87 = -3*v. Suppose 9*a = -2 + v. Suppose -1407 = -a*y + 1830. Is y a composite number?
True
Let k = -193 + 201. Is ((-116)/(k/(-2)))/(2/614) prime?
False
Let y = -496 + 493. Is (589 - 5)/4 - y a prime number?
True
Let f(d) = 231*d**2 - 9*d - 54. Let n be f(-13). Suppose -3*r - 5*j + 31221 = -27382, -2*r + n = -5*j. Is r composite?
False
Let s be ((-7)/5)/((-18)/90). Let z(p) = 13*p**3 - 8*p**2 + 15*p + 5. Is z(s) a composite number?
False
Let d = 1541 - 282. Is d a composite number?
False
Let k(j) = 1050*j**3 - 2*j**2 + j. Let w = 77 + -76. Let x be k(w). Suppose u + 0*u = x. Is u composite?
False
Suppose -5*g = -4*g - 4*q + 9, 3*q = g + 8. Let t(a) = 3*a**2 - 5*a + 4. Let w be t(g). Is (-92)/(-2)*w/16 a composite number?
True
Let g be (3/6)/(-1) - 33/(-6). Let i(x) = 200*x - 3 + g*x**2 - 91*x - 96*x. Is i(5) a prime number?
False
Let p(s) = -68*s**2 - s. Let o be p(-1). Let n = o + 81. Suppose n*z = 9*z + 12265. Is z a prime number?
False
Suppose -15*y - 28*y = -8*y - 11422915. Is y composite?
False
Let g(l) = 9*l**2 + 20*l - 58. Let t(x) = x**2 + 10*x. Let d be t(-7). Is g(d) a composite number?
False
Let k be 2/4 - (270/12)/(-3). Let r(l) = 107*l + 73. Is r(k) a prime number?
True
Let s = 344751 + -241464. Is s prime?
False
Is (138199617/(-1242))/(2/(-24)) prime?
False
Let w = 139 + -145. Is (5/5*-2)/(w/1605) prime?
False
Suppose 4*h + 12 = 0, -242 = -2*q - 4*h - 66. Let x = q - 89. Suppose -788 = -x*m + 407. Is m a composite number?
False
Let a = -40089 + 82930. Is a a composite number?
False
Let b(u) = -28897*u - 576. Is b(-5) composite?
False
Suppose -3*i + 3*z = 5448, 4*i + z + 4021 + 3253 = 0. Let t = 3475 + i. Is t a composite number?
False
Let w(a) be the third derivative of -a**5/60 + 3*a**4/8 - 11*a**3/2 + 16*a**2. Let b be w(10). Let p = b - -94. Is p prime?
False
Let h(k) be the second derivative of 1251*k**5/20 + 7*k**4/6 - 14*k**3/3 - k**2/2 - 2*k + 169. Is h(2) prime?
True
Suppose 210*g - 79810160 = -33795722 + 40013532. Is g prime?
True
Let c be (-7 - -9)*(-3279)/6. Let p = c + 2636. Is p composite?
False
Suppose -16 = -3*d - p, 0 = 2*d + 4*p + p + 11. Is (11721*d/(-21))/(1 - 2) a prime number?
True
Suppose -3*h + 3 = 0, 3*b - 24 = -2*h - 10. Let c(r) = r**2 + 2*r - 3. Let f be c(2). Suppose b*g + f*p - 800 = -g, -2*p = 5*g - 791. Is g prime?
True
Let c(r) = 2*r**2 - 16*r + 4. Let i be c(8). Suppose 0 = -i*w + 36646 + 94638. Is w composite?
True
Let y = -300 + 292. Is (116334/(-12) - y)*-2 composite?
False
Let z = -81 + 36. Let u = 42 + z. Is u + -1 - (17 + -260) a composite number?
False
Let l be 2/(-3) + 315/27. Suppose 0*b = -l*b + 32043. Is b a prime number?
False
Let l(p) = -2*p**2 - 64*p - 113. Let k be l(-40). Let y = 1135 + k. Is y a composite number?
True
Let j = -205023 - -330832. Is j prime?
False
Let k(v) = v**3 + 3*v**2 + 2*v + 3. Let h be k(-2). Suppose 4*t - h + 23 = 0. Is 7156/20 - 1/t prime?
False
Let g = 91 - 928. Let u = 1506 + g. Is u composite?
True
Suppose 0 = 10*i + 686 + 544. Let a be (-1 - i)/(16/392). Let d = a - 1548. Is d composite?
True
Let r(d) = -22*d + 27. Let u be r(-12). Let l = 367 + u. Suppose -3*s - 121 = -l. Is s composite?
False
Suppose -i - 1 = o - 9, -4*i + 12 = 2*o. Suppose -o - 3 = -w. Let p = 170 - w. Is p a prime number?
True
Suppose 226*j - 216*j = 10670. Is j a composite number?
True
Let g(x) be the third derivative of x**5/60 - 5*x**4/3 - 59*x**3/6 + 128*x**2 - 1. Is g(-26) a composite number?
False
Suppose 1392 = 4*o - 4*i, 4*o - 1831 = 3*i - 437. Suppose -356*j + o*j + 51258 = 0. Is j prime?
True
Suppose -8 = -w - 12. Let d(m) = -13*m + 26. Let j(y) = -12*y + 25. Let g(v) = w*d(v) + 3*j(v). Is g(12) a prime number?
True
Let s(i) = -i**3 - 10*i**2 - i - 33. Let d(x) = -2*x**3 + 7 - 41 + x**3 - 11*x**2 + 0*x**3. Let k(o) = -4*d(o) + 5*s(o). Is k(-12) a composite number?
True
Let q(h) = -h**3 + 8*h**2 + 7*h - 16. Let d be q(15). Let p = -2485 - d. Is p/4*-6 + 1/2 a prime number?
True
Suppose -39*l = -33*l - 121002. Let b = -13814 + l. Is b a composite number?
False
Suppose 7*p - 5*p = 10. Suppose 3*x - f - 8883 + 3608 = 0, p*f = -4*x + 7008. Is x a prime number?
False
Let l = 2906414 - 1709487. Is l composite?
False
Let n be (78116/(-6))/((-70)/66 + 1). Is (n/236)/(1/4*1) prime?
False
Let b(f) = -26*f**2 + f + 3. Suppose 4*g + 14 = 6. Let l be b(g). Let m = l + 230. Is m prime?
True
Let b(p) = p**3 + 6*p**2 - 10*p + 8. Is b(13) a composite number?
False
Suppose 0 = d + 3*i - 1479 - 949, 0 = -i. Let b = d - 4536. Let p = -789 - b. Is p composite?
False
Suppose 5*q = 72 - 952. Let j be (q/(-24))/11*(-903)/(-2). Let t = j + 22. Is t prime?
False
Let g = 18 - 16. Suppose -g*c + 5 = 1. Suppose r - 243 = -2*k - 0*k, -k + c = 0. Is r a prime number?
True
Suppose -252*h + 2139137 = 26*h - 20956269. Is h composite?
False
Let p = 11090 + 27021. Is p composite?
True
Suppose 2*f = -4*v + 6, 2*v + 2*f - 11 = -9. Suppose -2*q + v*p + 8258 = -1402, -3*q + 14498 = 5*p. Is q composite?
False
Suppose 0 = j + 4*t + 2 + 14, 4*j - 4*t = -84. Let f be (-4)/(16/j) - 0. Suppose -2271 - 1094 = -f*u. Is u composite?
False
Let q(n) = 577*n - 6. Let y = 120 + -91. Suppose 0 = -3*u + y - 26. Is q(u) a composite number?
False
Let y(l) = -2*l**3 - 38*l**2 - 10*l - 97. Is y(-36) composite?
True
Let i be ((-612)/(-85))/((-2)/(-20)). Suppose -3*n - i = 3*n. Is (8/n)/(2/(-1335)) a composite number?
True
Suppose 0 = 20*p + 8 - 188. Suppose -3751 + 60550 = p*h. Is h composite?
False
Let z(t) = -229*t**3 + t**2 - t + 3. Let s(o) = o**3 + 5*o**2 + 3*o - 2. Let h be s(-4). Suppose d = -0 - h. Is z(d) composite?
True
Is ((-161)/69)/(-2*3/104238) a prime number?
False
Let r(s) = -1553*s**3 - 17*s**2 - 82*s - 101. Is r(-4) composite?
False
Suppose -5*l + z + 30 = 0, 0 = -l - 3*z + 6. Is 3694/(((-8)/l)/(16/(-24))) composite?
False
Suppose w + 4*r = 2*w + 17, -2*w + 18 = 5*r. Let m be w/6 - 60776/(-48). Suppose 0*n - 6*n = -m. Is n composite?
False
Suppose -291 + 99 = -4*t. Let l = 52 - t. Suppose -2787 = -l*a - 11. Is a a prime number?
False
Let m(p) = 689*p**2 + 62*p - 1198. Is m(17) a prime number?
True
Let h(v) = -v**2 + 9*v + 2. Let u be h(7). Let z be u/40 + 5236/10. Suppose 2*q + 3*i - 1340 = 0, 5*q + 4*i + z = 3881. Is q prime?
True
Suppose 18*i = 10*i + 56. Suppose 4*o = 4*n - 4992, -10*n = -i*n - 5*o - 3742. Is n prime?
True
Let h(j) = -1992*j + 206. Is h(-54) a composite number?
True
Let u(r) = 5*r**3 - 10*r**2 - 3*r + 9. Let b(y) = y**2 + 13*y + 19. Let d be b(-12). Let l be u(d). Suppose -2*z - 415 = -x, -2*z - l = -3*x - 4*z. Is x prime?
False
Let a be (-7165 - 1)/(-344 - -346). Let o = -5497 + 3481. Let y = o - a. Is y a prime number?
True
Let j be (-6 - -3 - -4)/((-1)/2). Let u be -4 - 5564/(-2) - j. Suppose 4*r + 5*x - x = 2208, -5*r = x - u. Is r composite?
False
Let d(x) be the second deri